
Let p be 2/(-6) + 16/(-6). Let i(r) be the third derivative of r**6/120 + r**5/20 + r**4/12 - 3*r**2. Give i(p).
-6
Let c(i) be the second derivative of -i**3/3 + 2*i**2 - 17*i. Calculate c(-4).
12
Let g(q) = q**3 + 4*q**2 + 2*q + 2. Let r(i) = i - 4. Let k be r(3). Let f(w) = -w**3 - w**2 - 2*w - 1. Let x be f(k). Let z be -4 + x + -1 + 0. What is g(z)?
-6
Let y(s) = -s**3 - 8*s**2 - 6*s + 4. Let v = -206 - -199. Give y(v).
-3
Let k(z) = z + 3. Let a(y) = 9 + 5 + 2 + 6*y. Let t(b) = -2*a(b) + 11*k(b). Let u be t(-2). Let f(v) = v**3 - 3*v**2 - v - 4. What is f(u)?
-7
Let c(o) be the first derivative of o**4/12 + o**3/3 - o**2 + 8. Let r(h) be the second derivative of c(h). What is r(-3)?
-4
Let h be 6/(-15) - 7/(-5). Let l(p) = 2*p - 1. Give l(h).
1
Suppose 20 = -w - 4*n, w + 3*n = -w - 15. Let i be (1 + w)*2/(-1). Let c(j) = 3*j - 1. Determine c(i).
-7
Let h(s) = -3*s - 5. Let v(r) = -r + 3. Let t be v(7). Give h(t).
7
Let g be -8 - (3 - 6 - -2). Let a(p) = -p**3 - 7*p**2 + 2*p + 8. Give a(g).
-6
Suppose 5*j + 5 = 5*u, 2*j + 2 = -u + 3. Let d(o) = o**3 - o**2 + o + 10. What is d(j)?
10
Let b(s) be the third derivative of s**6/120 + s**5/15 - s**3/6 - 7*s**2. Let w be (-5 - 1)*(-12)/(-18). What is b(w)?
-1
Let r(j) = -j**3 - j**2 + j + 2. Let h(c) = c + 7. Let d be h(-7). Calculate r(d).
2
Let h(u) be the second derivative of 0 - 1/12*u**4 - u**2 + u - u**3. Calculate h(-4).
6
Let o(v) = -7*v + 3. Let a(i) = 1. Let w(q) = 6*a(q) - 2*o(q). Determine w(-1).
-14
Let z(q) = -q**3 - 6*q**2 + q. Let p(w) = 2*w**3 + 13*w**2 - 3*w. Let h(a) = 2*p(a) + 5*z(a). Let x(t) = t**3 + 2*t**2 - 3*t - 4. Let u be x(-3). Give h(u).
4
Let o(m) = 6 - m**3 + 2*m - 8*m**2 - 2 + 4*m**2. Calculate o(-4).
-4
Let r(n) = n + 2 + 0 - 12 - 3*n. Give r(-7).
4
Let w(g) = g. Let c(z) = -5*z. Let l(j) = c(j) + 6*w(j). Let x(r) = r + 5. Let h be x(-7). What is l(h)?
-2
Let m(f) = -f**2 + f + 1. Let n(s) = -2*s**2 - s - 3. Let i(l) = -2*m(l) - n(l). What is i(1)?
4
Let b(g) = -g**3 + 5*g**2 - 3*g - 5. Let h(z) = -3*z**3 + 11*z**2 - 6*z - 11. Let t(r) = 5*b(r) - 2*h(r). Give t(-3).
6
Let v(l) = -l + 1. Let j(u) = 5*u - 16. Let w(o) = -j(o) - 4*v(o). Give w(9).
3
Suppose -12 = -4*a - 0. Let d(b) = -1 + 8*b - b - a*b. Let v be 4/(-10) - (-3)/(-5). Give d(v).
-5
Let i(h) = -4*h + 6*h**2 - 3 + 10*h + 19*h**3 - 18*h**3. Calculate i(-5).
-8
Let c = -1 - 0. Let l = 0 - c. Suppose l = -4*z - 3. Let v(q) = -4*q**3 + 2*q**2 + 2*q + 1. Determine v(z).
5
Let q(h) = 17*h - 13. Let s(d) = 4*d - 3. Let i(u) = -6*q(u) + 26*s(u). Let k(t) = t**2 + 2*t - 2. Let p be k(-2). Determine i(p).
-4
Let z = 9 - 7. Suppose -z*n = -0*n - 10. Let d(v) = -v**2 + 5*v + 6. Determine d(n).
6
Let u(i) = 132*i + 3 - 131*i + 3. Let o(q) = -5*q + 1. Let m be o(1). Calculate u(m).
2
Suppose -2*w - 6 = w. Let h(x) = x**2 + 183*x - 354*x + 177*x + 3. Determine h(w).
-5
Let n(o) = 4*o. Let d be n(1). Let k(q) = -q**3 + 5*q**2 - 6*q + 5. Calculate k(d).
-3
Let k(v) = 3*v + 3. Suppose 4*g + 18 = -l, 2*l + 2*l = -4*g - 12. Suppose -4*n = -l*n + 6. What is k(n)?
-6
Let f(g) = -g + 7. Let u(w) = -w + 1. Let x be u(-7). Suppose -2*p - 2*p + 26 = -i, 0 = 4*i + x. Calculate f(p).
1
Let c(t) = -8*t - t**3 - 9*t**2 - 2*t + 4*t - 3*t - 8. Let y be c(-8). Let m(g) = -g - 3 - 4*g + y*g**2 - g**2 + 0*g. What is m(-4)?
1
Let p = 25 - 14. Suppose 2*m + 2*m - p = j, 3*m - 9 = 0. Let s(x) = -14*x + 6. Let o(i) = -13*i + 5. Let y(q) = -5*o(q) + 4*s(q). Calculate y(j).
8
Let g(y) be the first derivative of -y**4/4 - 5*y**3/3 + 5*y**2/2 - 3*y - 1. Give g(-6).
3
Let k(g) = g. Suppose -4*b + 21 = -3*p, -3*b - p = -0*b - 19. Let y(h) = -4*h - 2. Let s(w) = b*k(w) + y(w). Suppose -5*l + l = 4*a, 20 = -2*l + 3*a. Give s(l).
-10
Let o(t) = -5*t. Suppose -5*s + 4 = -s. Suppose 3*n = -5*r + 15, -8 = -4*r - n - 3. Let g = s - r. Determine o(g).
-5
Let r(s) be the second derivative of -s**5/120 + 5*s**4/24 - s**3/3 + 2*s. Let o(a) be the second derivative of r(a). Determine o(5).
0
Let d(p) be the first derivative of p**5/60 - p**4/12 - p**3 - 1. Let f(y) be the third derivative of d(y). Determine f(2).
2
Suppose -2 - 2 = -2*n. Suppose -2*z + a = -n*a + 23, -9 = z - a. Let v(l) be the first derivative of -l**2 - l + 5. Calculate v(z).
7
Let w(t) = -t**3 + 3*t**2 + 2*t + 1. Let b = 14 + -10. Suppose -24 = -b*x - 8. Calculate w(x).
-7
Let c(a) = a**3 - a**2. Let l(p) = 3*p**3 + 40*p**2 + 12*p - 15. Let f be l(-13). Determine c(f).
-12
Let v(y) = 21 - 21 + 4*y. Determine v(2).
8
Let u(x) = -5*x**2 - 4*x - 2*x + 3*x**2 + 2*x. Suppose 2*q - 3*q = -3. Let h = 0 - q. What is u(h)?
-6
Suppose 4 - 2 = 3*s + g, -2*s = 2*g - 4. Let k = s - -4. Let h(v) = v - 3. Give h(k).
1
Let k be 2*((-9)/(-2))/(-3). Let c = -1 - k. Let t(v) = -v + v**2 - 2*v + 1 + 2*v. Give t(c).
3
Let b = 2 + 2. Let c(r) be the second derivative of -1/12*r**4 - r + 5/2*r**2 + 0 + 1/6*r**3. Give c(b).
-7
Let g(f) = 8*f + 2. Let r = 12 + -16. Let t(o) = 7*o + 2. Let i(s) = r*g(s) + 5*t(s). Calculate i(-2).
-4
Let j(b) = -72*b**2 - 2*b**3 - 2*b + 4 + 3*b**3 + 70*b**2. Determine j(3).
7
Let q(z) = 48*z - 26*z + z**2 - 19*z - 4. Calculate q(-4).
0
Let n(k) = -k + 1. Suppose m + 4*m = -35. What is n(m)?
8
Suppose -4*a + 7*a - 24 = 0. Let u be ((-3)/(-6))/(2/a). Suppose u*d + 3*d - 5 = 0. Let i(j) = -3*j**3 - j**2 - j + 1. Determine i(d).
-4
Suppose -4*l - 4*j = -6*l - 12, 4*l + j = -6. Let h(q) = -6*q - 3. Determine h(l).
9
Let a(y) be the first derivative of y**3/3 - y**2 - 2*y - 2. Calculate a(-2).
6
Let h(l) = -8*l + 1. Let w be 2/(-3)*6/(-4). Suppose -2*t = -i, -2*i + 10 = 5*t + w. What is h(t)?
-7
Suppose 4 = -4*p + 4*m, p + 3*m = -0*p + 15. Let r(q) = q - 6*q + q**2 + p*q. Suppose 3*k = 3*t + 6 + 12, -3*k = 5*t + 6. Give r(k).
3
Let r(u) = -u**3 - 5*u**2 + 7*u + 9. Let j be r(-6). Let i(f) = -f**2 - 2*f**j + 3*f**3 + 5*f + 6 + 6*f**2. Let y(g) = 5*g + 26. Let s be y(-6). Determine i(s).
2
Suppose 0 = 4*d + d - 60. Suppose 2*k + 0*s = -s + 3, 2*k - 4*s + d = 0. Let v(m) = -m**3 + m**2 - m + 1. Give v(k).
1
Suppose n - 6*s + s = 2, 4*n + 5*s - 8 = 0. Let o(k) be the second derivative of -7/6*k**3 + 0 - 1/2*k**2 - n*k. Determine o(-1).
6
Let a(z) = 3 - 11 + 0 + 7 - 8*z. Give a(-1).
7
Let a(f) = -f**2 + 1. Let m be a(-1). Let y be (-2 - -5) + m/(-1). Let l(v) = -v**3 + 2*v**2 + 4*v - 3. What is l(y)?
0
Let z(h) = -3*h**3 + 8*h**2 - 2*h - 3. Let l(o) = 7*o**3 - 17*o**2 + 3*o + 7. Let d(w) = -2*l(w) - 5*z(w). Give d(5).
-4
Let q(z) be the first derivative of -z**2 - 4*z + 126. Suppose -4*g = -18 + 6. What is q(g)?
-10
Let h(j) = j**2 + 7*j - 4. Let p = -8 - -1. Calculate h(p).
-4
Let w be -2 + 5/(15/6). Let z(v) = -v**2 - v + 3. Let o be z(w). Let s(a) = -a**2 - 3 + o. Give s(0).
0
Let h(p) = 1 + 8*p + 1 - 1 - 7*p. Calculate h(7).
8
Let h(x) = -x - 1. Let t(l) = -4*l + 1. Let w(d) = -5*h(d) + t(d). Let a = 8 - 13. What is w(a)?
1
Let f(c) = -6*c**2 - 8*c - 4. Let b(w) = -7*w**2 - 9*w - 4. Let n(u) = -5*b(u) + 6*f(u). What is n(-3)?
-4
Let j(s) be the third derivative of 1/6*s**4 + 1/120*s**6 + 1/2*s**3 + 2*s**2 + 0 + 1/12*s**5 + 0*s. Determine j(-4).
3
Let j(z) be the second derivative of -z**4/12 - z**3/3 - 24*z - 1. Determine j(-5).
-15
Let g(o) = -5*o. Let p = 17 - 23. Let j be (p + 10)*2/4. What is g(j)?
-10
Let y(j) = -j**3 - 6*j**2 - 6*j - 5. Let f = 19 - 4. Suppose 3*u + f = -0. Give y(u).
0
Let a = 72 + -73. Let g(h) = 2*h - 4*h + h**2 - 13*h**3 - 2*h**2 - 1. Give g(a).
13
Let s(b) = b**2 - 2*b - 5. Let w(r) = -r + 13. Suppose 2*a = -5 + 23. Let c be w(a). Determine s(c).
3
Let x(i) = -3*i - 4. Let w(j) = 10*j + 12. Let d(m) = 2*w(m) + 7*x(m). Let a be d(-8). Suppose a - 7 = -3*l. Let c(p) = 7*p**3 - 2*p + 1. Give c(l).
6
Let q be 2/6 + (-110)/15. Let p = 10 + q. Let w(j) = 3 - 6 + p - j - 2. Give w(2).
-4
Let o(m) = 3*m**2 - 5*m + 2. Let q(x) = 13*x**2 - 20*x + 8. Let u(k) = -9*o(k) + 2*q(k). Let s(c) = -2*c + 13. Let r be s(4). Give u(r).
-2
Let t = -5 - -5. Let s(o) be the third derivative of o**2 + t*o - 1/8*o**4 + 1/2*o**3 + 0. Determine s(2).
-3
Let d(f) be the third derivative of -f**4/24 - f**3/6 - f**2. Let a be 6 + 3/(6/(-2)). Let w be 27/(-15) - 1/a. Determine d(w).
1
Let p(d) = -d**2 + 6*d - 3. Let w(v) be the second derivative of -v**5/20 - 7*v**4/12 - v**3 + v**2 + 7*